. Let q be g/3 + 8/12. Suppose 0 = -q*u + 275 + 125. Calculate the greatest common factor of u and 32.
16
Let x(l) = -l**3 + 3*l**2 + 12*l - 4. Let d be x(5). Let z = 7 - d. What is the greatest common factor of z and 4?
1
Let k(j) = -j**2 + 10*j + 4. Let g be k(10). Let m = g + 11. Let c = 5 + -2. What is the greatest common factor of m and c?
3
Let v(t) = -t**2 - 19*t - 3. Let u be v(-18). What is the highest common factor of u and 12?
3
Suppose 6*b + 110 = 11*b. Suppose -s - b = -2*s. What is the highest common divisor of s and 154?
22
Let u(t) = -73*t - 484. Let x be u(-10). What is the greatest common factor of 410 and x?
82
Suppose -4*f = f - 40. Let q be ((-150)/8)/((18/f)/(-9)). What is the greatest common divisor of q and 15?
15
Let t be (4/6)/(((-78)/(-171))/13). What is the greatest common divisor of 19 and t?
19
Let d be (-150)/(-4)*((-114)/(-30) - 3). What is the highest common divisor of d and 690?
30
Let b = 38 + -6. Let v = b + 18. What is the highest common divisor of v and 75?
25
Let v = -431 - -447. Calculate the greatest common factor of 296 and v.
8
Suppose 4*z + 7125 = 19*z. Calculate the greatest common divisor of z and 57.
19
Suppose 3*d - 3 = 6*d. Let m(i) = -16*i**3 + i**2 + 2*i + 1. Let t be m(d). Let n = -489 - -513. What is the highest common divisor of n and t?
8
Let p(z) = -10*z - 5. Let y be p(-3). Suppose -5*l - 4*w + y = 0, -l + w = -0*l + 4. Calculate the highest common divisor of l and 1.
1
Let z = -579 + 581. Let k = 4 - -1. Suppose -3*s = -3*q + k*q - 12, 4*s + 24 = 4*q. Calculate the greatest common divisor of z and q.
2
Let m be (-120)/(-36)*(-21)/2. Let x = -23 - m. Calculate the greatest common factor of 48 and x.
12
Let s be 2*(-815)/(-50) + (-4)/(-10). Suppose 0 = 5*a + 4*t - 1465, a = 2*t + 2*t + 317. Calculate the greatest common factor of a and s.
33
Let r be (-6)/16 - 575/(-40). Calculate the greatest common divisor of r and 21.
7
Let u be (-13 + 7 - -10)*1/4. Let w be (-1)/4*(-5 + u). What is the greatest common divisor of w and 8?
1
Suppose -7*i - 70 - 7 = 0. Let w(f) = 2*f**2 + 17*f. Let o be w(i). What is the greatest common divisor of 33 and o?
11
Let m = -124 - -127. Suppose -307 = -m*i - 79. Calculate the greatest common factor of i and 57.
19
Let g(k) = -k**3 - 9*k**2 - 8*k + 4. Let f be g(-8). Suppose 3*n - h - 20 = f*h, -35 = -n - 4*h. Let b = 18 - 3. What is the highest common factor of b and n?
15
Let i(k) = k. Let g be i(6). Let b = -101 - -197. Calculate the highest common factor of b and g.
6
Let n(t) = -t + 9. Let q be n(4). Suppose q = 5*b - 5. Let v be 1210/25 - b/5. Calculate the highest common factor of v and 72.
24
Let p = 22 + -16. Let h be 140/30 + 2/p. Suppose -4*g + 29 = h. What is the highest common divisor of 2 and g?
2
Suppose -12 + 156 = 2*c. Suppose 488 = 5*w - c. Calculate the highest common divisor of 14 and w.
14
Suppose 492 = -j + 5*j. Suppose -5*o + 42 = -j. Let l(d) = -14*d + 109. Let u be l(7). Calculate the highest common factor of u and o.
11
Let w = 81 + -56. Let z be (0 + (5 - 4))*3. Suppose 585 = 3*r - z*d, -205 = -r - 0*d - d. What is the highest common divisor of r and w?
25
Suppose 2*a + 358 = 4*w, -2*w + 4*a = -71 - 99. What is the greatest common factor of w and 21?
7
Let j = -64 - -75. What is the highest common divisor of j and 913?
11
Let a = 844 - 436. Calculate the greatest common factor of 24 and a.
24
Suppose 0 = -4*b - 8, -3*t - 10*b = -6*b - 3061. What is the greatest common divisor of 93 and t?
93
Let r = -1901 - -4988. What is the highest common divisor of r and 9?
9
Let d be 2 - -3*(-7)/3. Let w = d + 7. Suppose w*c = -0*c + 20. What is the greatest common factor of c and 25?
5
Let l(w) = w**3 - w**2 + w. Let c(o) = 6*o**3 + 4*o**2 - 4*o + 3. Let h(a) = -c(a) - 3*l(a). Let r be h(-2). Calculate the greatest common divisor of r and 7.
7
Let t be (-40)/((-2)/(0 + 2)). Suppose 4*w = 4*r + 21 - 93, t = 2*r - w. What is the highest common divisor of 66 and r?
22
Let u = -7 - -10. Let s = 25 - 25. Suppose 5*a + u*x = 62 + 1, 4*x - 4 = s. What is the highest common factor of 12 and a?
12
Suppose 4*y - 4*h - 27 - 53 = 0, 8 = 4*h. Calculate the highest common factor of y and 517.
11
Let x be 20/3 + (-3)/(-9). Let l(f) = f**3 - 2*f**2 - 3. Let v be l(3). Suppose -2*c = v*c - 8. Calculate the greatest common divisor of x and c.
1
Let t(y) = -y + 12. Let h be t(10). Suppose m = -0*m + 2*w + 137, -269 = -h*m - w. Let p = -25 - -40. What is the highest common divisor of p and m?
15
Suppose -2*v + 99 = 11. Suppose -z - 21 = 4*i - 7, -2*i - 32 = 3*z. Let f be z*(9 - -2)/(-1 - 0). Calculate the greatest common divisor of f and v.
22
Let o be 8/8*74*(1 - 0). Calculate the greatest common divisor of o and 4736.
74
Suppose 0 = -g - 5*g + 378. Suppose -s + 7 = -0*s. What is the greatest common factor of g and s?
7
Suppose 0 = 7*u + 31 - 115. Let q be (-4)/((64/u)/(-4)). Let w be 18/q*(-16)/(-12). What is the highest common divisor of 4 and w?
4
Let t be (-20)/(-15)*(26 - 12/(-3)). What is the greatest common factor of t and 20?
20
Suppose -30*s + 34*s = -5*z + 131, 19 = s + 4*z. What is the greatest common factor of 1677 and s?
39
Let i(m) = -13*m - 72. Let q be i(-9). Calculate the greatest common divisor of 40 and q.
5
Suppose -i = 5*j + 4*i, -5*j - 2*i = 3. Let q be 133/4 + j/4. Let v be 1/5 + (-14)/(-5). Calculate the greatest common factor of q and v.
3
Let v = 20 + -16. Suppose -v*d = -8*d + 16. Suppose -15 = -3*c, -4*w + 7*c = d*c - 45. Calculate the greatest common factor of 105 and w.
15
Let k(v) = v**3 - 2*v**2 + v + 1. Let x be k(2). Let o = 10 - -14. What is the greatest common divisor of o and x?
3
Let k(y) = 10*y + 9. Let j be k(0). Calculate the greatest common factor of 6 and j.
3
Let o(l) = -5*l + 9. Let a be o(15). Let k be ((-6)/(-9) + -2)*a. Suppose -u + 55 = 3*b, -5*b = -2*u - 0*u - k. What is the highest common factor of 144 and b?
18
Suppose -348 - 137 = -b + 5*y, -b = 2*y - 464. Suppose -2*v = -2*j + 202, 8*j + 2*v - b = 3*j. Calculate the highest common factor of 48 and j.
48
Suppose 0 = 2*u, -3*b - 3*u = 2*b + 805. Let s = -84 - b. Calculate the highest common factor of 11 and s.
11
Suppose -r + 4*c = -73, 0 = -5*c + 41 - 61. Let f(m) = 3*m**2 + 4*m - 1. Let s be f(3). Calculate the highest common factor of s and r.
19
Let h be 20 + (-2*4)/2. Let n = 261 + -149. What is the highest common divisor of n and h?
16
Suppose -s - 2*n = -4*s + 26, 2*s = -5*n + 49. Let z be ((-5)/(-2))/(s/96). Calculate the highest common divisor of z and 220.
20
Suppose 68 = 3*y - p, -4*y + 5*p - 10*p + 116 = 0. Let w(v) = -10*v. Let t be w(-6). Calculate the greatest common divisor of t and y.
12
Suppose 120 = -4*v + 4*u, 0 = 2*v - 0*v + 5*u + 67. Let b = v + 20. Let s be (1 - b)/(12/184). What is the greatest common divisor of s and 23?
23
Let f(q) = q**3 + 10*q**2 - 30*q - 2. Let v be f(-12). What is the highest common factor of 168 and v?
14
Suppose 2*o + 197 = o. Let z be -1*(o - 1)/(-2). Let p be 24/11 - (-18)/z. Calculate the greatest common factor of p and 8.
2
Let t be (324/(-5))/(0 - 1/5). Calculate the highest common factor of t and 36.
36
Let p be 15 - (18/14 - (-4)/(-14)). Suppose -4*o - o = 40. Let s(l) = l**2 + 6*l - 2. Let i be s(o). Calculate the greatest common factor of i and p.
14
Let c be 3/1*140/(-12). Let r be 114/7 - (-10)/c. Suppose -d + 12 = -r. What is the greatest common divisor of 42 and d?
14
Let u = 2493 - 2383. Calculate the greatest common divisor of u and 20.
10
Suppose 0*u + u - 13 = 0. Suppose 5*a = 3*n + 69 - 284, 0 = -4*n - 3*a + 248. Calculate the greatest common factor of n and u.
13
Let c(w) = 15*w + 1. Let i be c(6). Suppose 2*q - 2 = 4. Suppose 0 = -q*t + 11 + 28. What is the greatest common factor of t and i?
13
Suppose 4*s - 352 = -0*s. Let f be ((-40)/(-15))/((-3)/((-126)/(-4))). Let z be (-6)/8 + (-329)/f. Calculate the greatest common divisor of s and z.
11
Suppose -19*d + 14*d = -40. Let j be 115/20 + (-6)/d. Calculate the highest common factor of j and 5.
5
Let b be (9750/4)/13*(-6)/(-5). Calculate the greatest common divisor of 90 and b.
45
Let d(c) = 5*c**2 - 11*c - 26. Let x be d(-5). What is the greatest common factor of 66 and x?
22
Let u be (8/(-10))/((-4)/10). Let p be u/(-10) + 36/5. Let z be 6 